mainder when 8 is divided by o.
2
Suppose 3417 = 5*s + r, 0 = -3*s - 0*s - 4*r + 2057. What is the remainder when s is divided by 14?
11
Suppose k + k - 8 = -h, -3*k + 7 = 4*h. Let c = -9 - h. Let r = 12 + c. What is the remainder when 18 is divided by r?
3
Suppose -16*x + 453 = -4*x + 357. Let h = -49 - -86. Calculate the remainder when h is divided by x.
5
What is the remainder when ((-3)/9*-50)/((-36)/(-270)) is divided by 37?
14
Let s = -7 - -38. Calculate the remainder when 216 is divided by s.
30
Let l(x) = 0*x + 12 - 8*x + 0 - x**2 - x. What is the remainder when l(-6) is divided by 8?
6
Let h = -1379 - -1419. Let x be 6/5*(-30)/(-9). Suppose 2*w + 28 = x*w. What is the remainder when h is divided by w?
12
Let h(t) = 21*t**2 + t + 6. Let g be h(4). Suppose 2*u = -74 + g. What is the remainder when u is divided by 46?
44
Let m(h) = h**3 + 5*h**2 - 3*h + 8. What is the remainder when m(-4) is divided by 7/((-7)/(-2)) - -8?
6
Suppose -2*h = -y - 5 - 0, 5*h - 2*y - 14 = 0. Let r be (-34)/4 - 5/(-10). What is the remainder when 2/r + (-530)/(-40) is divided by h?
1
Let j = 222 - 219. Calculate the remainder when 59 is divided by j.
2
Suppose 4 + 2 = j. Let o be 12*(4 + (-60)/16). Suppose 0*r - r - 10 = -5*n, -o*r + j = -3*n. Calculate the remainder when 22 is divided by r.
2
What is the remainder when 84 is divided by (-62)/(-62)*(1 + 1 + 16)?
12
Let r be ((-110)/(-4) + 2)*-8 - 2. Let v = 344 + r. Calculate the remainder when v is divided by 22.
18
Let j(t) = t**3 - 4*t**2 - 19*t + 96. Calculate the remainder when 284 is divided by j(5).
24
Let q = -4 - -17. Let l(p) = -10*p - 143. Calculate the remainder when l(-19) is divided by q.
8
Let z(x) = -2*x + 7 + 3*x - 4 + 2. Suppose 0 = 5*c - 35. What is the remainder when z(13) is divided by c?
4
Let x(j) = -j**2 + 18*j - 16. Suppose 3*i + 5*v = 7*i - 60, -5*i - 5*v + 75 = 0. Calculate the remainder when x(14) is divided by i.
10
Suppose -6*s = -75*s + 207. Calculate the remainder when 16 is divided by s.
1
Suppose 3 = -3*z + 9. Suppose a + 3 = 2*k - z, 3*k = 3*a + 15. Suppose k = g - 5*x + 13, x - 8 = -x. What is the remainder when 18 is divided by g?
4
Let r(n) = 2*n**2 - 99*n - 75. Calculate the remainder when r(52) is divided by 27.
23
Let k = -13 + 20. What is the remainder when (60 - 63)*(-50)/6 is divided by k?
4
Let g(h) = h + 24. Suppose -144 - 94 = -7*m. Calculate the remainder when m is divided by g(-12).
10
Calculate the remainder when 125 is divided by (36/(-7))/9 + (-1998)/(-42).
31
Suppose q + 2*o - 5*o - 19 = 0, 0 = -3*q + 2*o + 64. What is the remainder when q is divided by (-28)/(-6)*((-20)/(-28) - -1)?
6
Let t = 55 - 35. Suppose -15*l = -23*l + 96. Calculate the remainder when t is divided by l.
8
Suppose 548 = 427*r - 425*r. Calculate the remainder when r is divided by 40.
34
Let b = 13 - 19. Let f be b + 3 + 0 - -3. Calculate the remainder when 36 is divided by -3 + (f - -3) - -13.
10
Let p = 459 - 376. Calculate the remainder when p is divided by 30.
23
Let q(c) = -c**3 + 5*c**2 + c + 22. Let p be 4*(-1 + 3)/4. Suppose 0 = p*j - 3*j + 8. What is the remainder when q(0) is divided by j?
6
Let s be 1/(-2) - (-3975)/(-50). Let g = -67 - s. Calculate the remainder when 50 is divided by g.
11
Suppose -30*m + 13214 = 1574. Calculate the remainder when m is divided by 49.
45
Let y(r) = r**2 + 3*r + 35. Calculate the remainder when y(0) is divided by 4.
3
Let h = -171 + 467. What is the remainder when h is divided by 11?
10
Suppose h - 40 = 10*r - 5*r, -4*r = 0. Calculate the remainder when 277 is divided by h.
37
Let m(f) = -f. Let g be m(-6). Suppose -g*v = -v + 2*w - 155, 5*v = -5*w + 155. Let s = 622 + -561. Calculate the remainder when s is divided by v.
30
Let u(w) = w**2 + 18*w + 17. Calculate the remainder when 37 is divided by u(-19).
1
Suppose 4*b + 5*y = 33, -5*y = -5*b + 15 + 15. Suppose 11 = b*x - 10. Suppose -2*v + 15 = 3*v. Calculate the remainder when v is divided by x.
0
Suppose -112*p = -4391 - 2665. Let j(w) = 12*w**3 + 11*w**3 + 1 - 2*w**3. Calculate the remainder when p is divided by j(1).
19
Suppose 5*g - 4*k - 68 = 0, 0*k = -2*g + k + 26. Suppose -5*f = -87 - 498. Calculate the remainder when f/3 + (-3 - 2) is divided by g.
10
Let t = -493 - -501. Calculate the remainder when 109 is divided by t.
5
Suppose 0 = 3*b - 0*b + 4*n - 110, -3*n + 149 = 4*b. Suppose 2*r = -o + 20, -o + 0*o + b = -4*r. What is the remainder when o is divided by 10?
6
Let g = -1 - 13. Let t = g + 20. Suppose l + t*s - 29 = 2*s, 49 = 2*l + 5*s. What is the remainder when 32 is divided by l?
15
Suppose 135*c = 124*c + 10450. Calculate the remainder when c is divided by 28.
26
Suppose -p + 2*h = -232, -2*p + h = -145 - 334. Calculate the remainder when p is divided by 33.
11
Let i(q) = 2*q**3 - 2*q**2 - 2*q + 2. Let h = -22 + 24. What is the remainder when 10 is divided by i(h)?
4
Suppose 6 - 18 = -4*i. Suppose 0 = -0*l + 4*l - i*n - 20, -5*n - 25 = -5*l. Suppose -45 = -q - 4*q. Calculate the remainder when q is divided by l.
4
Let v = -70 + 61. Let r = v + 56. What is the remainder when r is divided by 10?
7
Suppose r - 90 = 5*n, 5*n + 106 = 96. What is the remainder when r is divided by 12?
8
Suppose -520 = 13*o - 676. Suppose -4*u = u - 220. Calculate the remainder when u is divided by o.
8
Let z(i) = 136*i + 28 - 11 - 135*i. What is the remainder when z(5) is divided by 12?
10
Let t = -1327 + 1346. What is the remainder when 315 is divided by t?
11
Let r(v) = -v**3 + 3*v**2 - v. Let f be r(2). Suppose -14 = f*s + 102. Let y = s - -108. Calculate the remainder when y is divided by 13.
11
Let i be 4/(-11 - -3)*0. Let o be (-138)/9 + (-8)/(-6). What is the remainder when 54 is divided by (i - o) + 0 + -3?
10
Suppose 2*b - 48 = 3*b - 3*t, -5*b + 2*t = 279. Let z = 66 + b. Calculate the remainder when z is divided by 6.
3
Suppose 2*f = -3 - 33. Let g = f + 18. Suppose g = d + d - 22. Calculate the remainder when 21 is divided by d.
10
Let r(d) = -13*d - 128. What is the remainder when r(-23) is divided by 83?
5
Let r = -88 - -90. Calculate the remainder when 3/(r*(-5)/(-20)) is divided by 3.
0
Let g be (3/6)/((-4)/64). Let u(x) = x**3 + 9*x**2 + 6*x - 5. What is the remainder when 19 is divided by u(g)?
8
Suppose -22*k + 1653 + 2153 = 0. Calculate the remainder when k is divided by 91.
82
What is the remainder when 8/(-16)*(-719 + 1) is divided by 10?
9
Let i(v) = -v. Let r(y) = -y**2 - 14*y + 13. Let z(b) = 5*i(b) - r(b). Let x be z(-10). What is the remainder when (5 - 2)/((-1)/x) is divided by 4?
1
Let q(m) = -5*m**3 - 5*m**2 - 8*m - 6. Let r be q(-4). Suppose -6*w + r = w. Calculate the remainder when w is divided by 8.
6
Let g(h) = -h**3 - 45*h**2 - 44*h + 14. Let t(x) be the first derivative of -x**2 - 6*x + 3. What is the remainder when g(-44) is divided by t(-5)?
2
Let n = 2146 + -1320. Calculate the remainder when n is divided by 32.
26
Suppose -3*y = 4*y - 42. Calculate the remainder when (1/y*3)/((-2)/(-252)) is divided by 13.
11
Suppose 322 = 3*k - 146. Let s = -81 + k. What is the remainder when s is divided by 13?
10
Suppose -5*l + 73 = 3*i - 2*i, 4*i + 16 = 2*l. What is the remainder when 558 is divided by l?
12
Let h = -4 - -29. Let d = 74 - h. Suppose -b = 4*o - 13, 3*b + 0*o = -o + 39. Calculate the remainder when d is divided by b.
10
Let a(k) = -k**2 - 16*k - 14. Calculate the remainder when a(-10) is divided by 10.
6
Let u = 24 + -25. Calculate the remainder when 65 is divided by (3/(-9))/((-200)/(-204) + u).
14
Let a = 6 + -3. Let r(h) = 5*h**2 + h - 2. Let y be r(1). Let w = 2 + y. Calculate the remainder when w is divided by a.
0
Calculate the remainder when 398 + 1 + (2 - (10 + -3)) is divided by 6.
4
Suppose 0 = -5*z - 3*y + 345, 0 = -0*z + 5*z + 4*y - 340. Suppose -5*r = -14*r + z. Calculate the remainder when 21 is divided by r.
5
Suppose -n - 2 = 0, -7*n + 3*n = -4*m. Calculate the remainder when 13 is divided by 2/4*m + 3.
1
Suppose -3*x + 476 = -4*l, -x + 6*l + 177 = l. What is the remainder when x is divided by 79?
73
Let m = 221 - -69. What is the remainder when m is divided by 59?
54
What is the remainder when (-21)/((-882)/(-700))*18/(-2) is divided by 41?
27
Let j(t) = -t + 22. Let c be j(9). Calculate the remainder when 1114/26 + 2/c is divided by 